1 - (-3 - -6)) + 4.
0
What is -7 + (11 - 7 - 5)?
-8
Evaluate 2 + -1 - (-8 + (4 - -3)).
2
Evaluate -3 + (-7 - -12) - -5.
7
What is -1 + (2 - -2) - -2?
5
Calculate -2 - -1 - (2 + -6) - 8.
-5
What is the value of (2 - (-12 - -1)) + -7?
6
What is the value of 28 - 25 - (1 - -1)?
1
Calculate (6 - 8 - (-3 + 2)) + 6.
5
Calculate 8 - (-13 - (-4 - 8)).
9
-8 + (11 + 0 - (0 + -7))
10
What is the value of (-3 - (12 + -12)) + -5?
-8
-6 + (9 - (1 + -2))
4
What is (5 - (-6 + 9)) + 2?
4
Evaluate -1 + -5 + -32 + 48 - 3.
7
5 + -2 - 7 - (-22 + 17)
1
Evaluate (-21 - -19) + 1 + -1.
-2
What is 12 + (2 - 9) + -1?
4
What is -1 + -1 + 1 + -2 - 1?
-4
Calculate 0 + -6 + 32 + -25 + -4.
-3
What is the value of (0 - -6) + -14 - -2?
-6
What is (-2 - -3) + 1 - 7 - -1?
-4
Calculate 4 + -13 + -5 + (19 - 6).
-1
4 + (2 - (-3 + (-4 - -14)))
-1
Calculate -5 + 3 - (-4 - 1).
3
-6 + 16 + -16 + 4 + 2
0
What is the value of 1 + 0 + -3 - (-2 - -5)?
-5
What is the value of 13 + 12 + -23 + 7?
9
What is the value of -2 + (-1 - 1) - -7?
3
What is 10 - 7 - (-1 + (-1 - -3))?
2
What is 7 + -8 - (2 - 1)?
-2
What is the value of -5 + 9 + -3 - -6?
7
Evaluate 19 + (-4 - -2) - 9.
8
Calculate -2 + (-3 - (-3 + 1 + 0)).
-3
What is -2 - (6 - 0) - -5?
-3
Calculate 5 - ((-1 - -4) + 0 + 1).
1
What is the value of (0 - -3) + -1 + 1 - -2?
5
(1 - (6 + -6)) + -6
-5
Evaluate 3 + (-2 - (1 - 0)) + -1.
-1
What is 3 - ((6 - -6) + -5)?
-4
What is the value of -2 + -1 + -42 + 47?
2
(12 - 28) + (-1 - -10)
-7
What is the value of -3 - 6 - (-2 - 3 - 1)?
-3
Calculate -6 - (-3 + -7) - 5.
-1
Calculate 4 + (-1 - 0) - (14 + -13).
2
Evaluate -1 - (2 + -2 + 3).
-4
7 + -1 + (2 - 5)
3
4 - 3 - (-4 + 11 + -2)
-4
What is the value of (-10 - -10) + (4 - 2) + -4?
-2
Evaluate -3 - ((-7 - 1) + 2).
3
Calculate 0 + -8 + 11 + -7.
-4
Calculate (-12 - -17) + (-4 - (2 - 1)).
0
What is 5 + (-6 - -13) + -6 - 15?
-9
What is the value of -12 - (-17 + 0 + -2)?
7
What is -76 - -75 - (-1 + -1)?
1
Calculate (15 - (10 - 0)) + (-8 - -1).
-2
Calculate (-6 + -7 - -15) + -5.
-3
What is -5 + 4 + (4 - 2)?
1
Calculate -4 + 7 - 1 - 4.
-2
-4 + 3 + -1 + -9 - -4
-7
Evaluate -11 + 10 - (-1 + -1).
1
Calculate -6 + (3 - 3) - -5.
-1
What is the value of -1 + (2 - (-4 + 8))?
-3
Calculate 10 - (10 - (-8 + 13)).
5
What is (-2 + (-4 - -4) - 0) + -1?
-3
(-9 + 4 - -3) + 3 + -5
-4
Calculate -1 + (1 - (-7 - -2)) + -2.
3
What is the value of -2 + (-6 - -5) - -2?
-1
(3 - 1) + (-45 - -46)
3
What is the value of -11 - -9 - (0 + -1) - -4?
3
Evaluate (0 - (-8 - -5)) + -4.
-1
Calculate 1 + -6 + 4 + (2 - -1).
2
What is the value of -7 + 1 + 3 - -4?
1
8 + -1 + -4 + 0
3
Evaluate 2 - (14 + (-1 + -8 - -4)).
-7
Calculate (4 - 2) + 1 + (-1 - -2).
4
-4 + -4 + 4 + 3 + -2
-3
What is the value of (2 + -4 - -3) + 1 + 0?
2
What is the value of 5 + -7 + -1 - -8?
5
(3 - 9) + 0 + 1 + 1
-4
What is the value of (5 - (9 + -3)) + -1?
-2
What is 8 + -4 + -7 + 6?
3
What is the value of (-3 - 8 - -6) + -1 + 2?
-4
What is 0 + -4 + -21 + 21 + 6?
2
Calculate (3 - -9) + -4 + -2.
6
What is the value of -1 + (4 - -5 - 3)?
5
Calculate -9 - 2 - (57 - 65).
-3
-1 + 1 + -3 + 9 - 3
3
What is the value of -3 + 0 - (5 + -8)?
0
(7 - (6 + 3 + -3)) + 5
6
Evaluate -8 - (6 - (21 + -4)).
3
What is (5 + -2 - (2 + 0)) + 3?
4
What is the value of -2 + -3 + (-7 - (-15 + 4))?
-1
Evaluate -4 - (-1 - -2) - -2.
-3
What is (0 + -3 - 3) + 2 + 3?
-1
Calculate -3 + 1 + 4 + (-6 - -2).
-2
Calculate -6 + (1 - 0) + 1.
-4
Evaluate -11 - -7 - (3 + -3 + -1).
-3
Calculate 0 + 3 + 1 + -1.
3
Calculate -2 + -6 + 17 + -5.
4
Evaluate -4 - -1 - (0 - 1).
-2
What is (2 - 5) + (4 - -2) - -1?
4
-1 - 6 - (-9 - (-2 + -3))
-3
Calculate -5 + (2 - 6 - -5 - -3).
-1
What is the value of 5 - ((7 - (-4 + 6)) + -3)?
3
What is the value of (1 - 1) + (63 - 66)?
-3
What is the value of 5 + -2 - (4 - (0 - 0))?
-1
What is -2 + 5 + 1 + 1?
5
Evaluate -1 + 4 + -4 + -2.
-3
Calculate 0 + -7 + -2 - -2.
-7
What is the value of -7 - (4 + -7 + 0) - -5?
1
Evaluate -2 + 2 + -1 + 4 + -3.
0
Evaluate -3 - (-4 + 6 + -11).
6
What is the value of 6 + -6 + 5 + 4 + -2?
7
What is the value of 2 + -1 - (-4 + -6 - -8)?
3
Evaluate 8 - (5 + (-1 - -3)).
1
(4 + -4 - -8) + -4 - 3
1
What is the value of (3 - (5 - 2)) + -2?
-2
Calculate 3 + -6 - (0 - 3 - -3).
-3
Evaluate -4 + (5 - 1) - (6 + -5).
-1
Calculate (-3 - (1 + 0 - 5)) + 0.
1
What is the value of 92 + -97 + (-4 - -1)?
-8
(0 - -8) + -8 + -8 + 11
3
Evaluate (-2 - (-10 + 7)) + -2 + -4.
-5
6 - (0 - (-9 - -3))
0
What is 0 + -1 + (6 - -1 - 10)?
-4
What is -2 - (-1 - (1 - 0))?
0
What is 6 - (2 + -4 + 12 + -4)?
0
-3 + -4 + 28 + -22
-1
Evaluate (38 - 43) + (-3 - (-2 + 0)).
-6
(-8 - -7) + 5 - (-1 - -9)
-4
2 + (12 + -10 - 8)
-4
What is the value of -24 + 24 + (-1 - 2)?
-3
Calculate (-2 - -4 - 1) + (1 - 5).
-3
Calculate 2 - -13 - (5 - -7).
3
What is 27 - 28 - (1 - (2 + -1))?
-1
What is the value of (0 - (-5 + 10)) + 3?
-2
What is the value of -3 + 12 + -9 + 0?
0
Evaluate 10 - (13 + 6 + -10).
1
What is 1 - 5 - (-5 - 4)?
5
What is the value of 2 - (1 + 4 - 3)?
0
Calculate -64 + 65 - (8 + -2).
-5
Calculate (6 + -4 - -6) + -9.
-1
What is the value of -1 + (1 - 6) + 2?
-4
Calculate (7 - (0 - 1)) + (16 - 15).
9
Evaluate -35 + 32 - (0 - -4) - -1.
-6
(-3 - -8) + -5 - 3
-3
-10 + 25 + -7 - (-3 + 6)
5
What is the value of (12 - 16) + (-1 - -5) - -5?
5
What is the value of -1 - (2 - 7) - (-209 - -206)?
7
Calculate -3 - (-3 + -2 + 4 + -3).
1
What is the value of -5 + 3 - 2 - 0 - -3?
-1
What is -1 + 2 + 3 + -7?
-3
(15 - 6 - 7) + -6
-4
4 + -2 + (-1 - 4)
-3
Calculate (-6 - (-6 - -2 - 1)) + 5.
4
Evaluate 3 - -2 - ((3 - 8) + 5).
5
What is the value of 3 + -7 + (0 - -12) + -2?
6
What is the value of (-13 - 2) + 6 + 10?
1
What is the value of -7 - -2 - (-2 + 0)?
-3
Calculate -2 - -2 - (7 - 5).
-2
What is -7 + 14 - (7 - 0)?
0
-1 + -2 + -4 + 3 - -1
-3
What is the value of 3 + -12 + (-2 - -8)?
-3
What is the value of 4 + -3 + (7 - 3)?
5
-3 + 1 - (1 + -3)
0
What is (3 - (0 - -4)) + -11 + 13?
1
What is the value of 3 + 0 + (3 - (4 - -5))?
-3
Evaluate -3 + (2 - 1) + 4.
2
-20 - -24 - (3 - -5)
-4
Calculate 5 + -2 + (0 - -2) + -8.
-3
Evaluate -10 + 0 + -3 + 9 - -1.
-3
What is the value of (6 - 6) + -9 - -3?
-6
Calculate -1 + -3 + (-1 - -3) + -1.
-3
What is the value of (6 - 9) + 0 + 1?
-2
What is (-8 - -4) + 1 + 5?
2
What is the value of 0 - 6 - (6 - -2 - 10)?
-4
8 - (9 + (-1 - 2))
2
What is (-11 - -5) + 11 + -6?
-1
What is the value of 21 + -30 - ((3 - 4) + 0)?
-8
Evaluate -1 - -5 - (5 + -7 + 4).
2
Calculate -2 - ((-13 - -4) + 14).
-7
What is -7 - (-3 + 0) - 0?
-4
8 - 1 - ((-4 - -5) + 3)
3
Calculate (-4 - 0) + 15 + -8.
3
0 - -4 - (5 - -3 - 2)
-2
What is (117 - 126) + 13 + -1?
3
Calculate -1 + 3 - ((1 - 10) + 8).
3
1 - 8 - (80 + -85)
-2
Evaluate (64 + -66 - (0 - 5)) + -4.
-1
(2 - (-2 - -7)) + 0
-3
(-4 - -1 - (0 - 3)) + 3
3
(11 - 10) + -2 + -8
-9
Evaluate -1 - ((4 - -2) + -8) - 8.
-7
Calculate (-3 - (-3 - 2)) + -4.
-2
Calculate 3 + (-1 - 2) + 2.
2
Calculate 8 + (5 - (4 - -12 - 8)).
5
Calculate 4 - (-2 + 9) - -2.
-1
-3 + 4 - -3 - (0 - -6)
-2
What is 2 - (-5 + 22 - 2) - -5?
-8
Evaluate -3 - (-5 + (15 - 2)).
-11
6 + -9 + 1 + 2 + -6
-6
Evaluate 9 + -2 - (52 + -45).
0
Evaluate -6 - -1 - (1 + 0) - -3.
-3
Calculate -6 + (7 + -26 + 7 - -9).
-9
-6 - -2 - (4 - (7 + -3))
-4
What is the value of (2 - (3 - -3 - 10)) + -5?
1
Calculate -2 - (-17 + (17 - 10)).
8
What is 1 + 6 - (-13 + 19)?
1
Evaluate -8 - (11 - 11 - 14).
6
Evaluate 6 - (-6 - -10) - 6.
-4
Calculate -10 - ((-7 - -7) + -7).
-3
1 + 1 + 0 + 2 + -6
-2
2 + -6 + 2 - -6
4
What is the value of -10 + (13 - -1) - -1?
5
Calculate 8 - (8 - (3 + -3 + 4)).
4
Evaluate -3 + 4 + -3 + -1.
-3
Evaluate (0 - (2 + (-2 - -2))) + -1.
-3
What is the value of 7 + (5 - 15) + -4?
-7
Evaluate -17 + (13 - (10 + -11)).
-3
What is the value of -6 - (-6 - -1) - 4?
-5
Calculate 2 - 7 - (-3 + 0).
-2
Evaluate -3 + (-3 + -1 + 1 - -10).
4
-5 + -3 + 2 + 2
-4
(-1 - 3) + (5 - -14) + -9
6
(3 - (11 - 0)) + -11 + 17
-2
(5 - -1) + 9 + -12 + -1
2
What is the value of -8 + 9 + 1 - 4?
-2
Calculate (-9 - -11 - (2 - 1)) + 3.
4
Calculate (0 - -6) + (7 + -19 - -8).
2
What is 1 - 1 - (-7 - -11) - -3?
-1
What is the value of 3 - (-1 + -1) - 5?
0
Evaluate 1 + -4 - (-35 - -34).
-2
Evaluate (0 - 11) + 20 + -14 - -3.
-2
What is the value of 7 + -2 + -5 - 4?
-4
What is the value o